 be -31 - g*(-1)/(-2). Let p = -17 - d. What are the prime factors of p?
2, 3
Let t(q) = q**2 + 7*q + 8. Let z be t(-6). Suppose -7 = -z*s + 23. List the prime factors of s.
3, 5
Let b = -34 + 64. Let u = b - 17. What are the prime factors of u?
13
Suppose -4*j + 10 = a, 5*j - 6 = 3*a - 2. Suppose s - j + 5 = 0. Let v(u) = 2*u**2 + 2*u. List the prime factors of v(s).
2, 3
Suppose 3*v = 3*f + 33, 4*v - 46 = f - 5. Suppose 3*q - q - v = 0. List the prime factors of q.
5
What are the prime factors of 92/5 - (-14)/(-35)?
2, 3
Let s = 180 + -37. What are the prime factors of s?
11, 13
Suppose 0*h = -3*h + 3*n + 18, 4 = -n. Let x(y) = 8*y + 6 - 3 - y**h - 2. List the prime factors of x(4).
17
Let v = 8 + 194. List the prime factors of v.
2, 101
Let f = 159 + -73. List the prime factors of f.
2, 43
Let f(w) = 4*w + 1. Let m be f(7). Suppose 4*h - 2 = -2*x, 3*h + 4*x = 6*h - m. List the prime factors of 1 + (5 - h) + 2.
5
Suppose 4*k + 145 = 5*j, -2*j + 6 = -2*k - 54. List the prime factors of j.
5
Let u = 145 + -86. List the prime factors of u.
59
Let l(t) = -t**2 + 2*t + 4. Let p be l(3). Let i be 3/(p + -1 - -1). Let k(b) = b**3 - 2*b**2 + 4*b - 3. List the prime factors of k(i).
2, 3
Suppose -3*g = -0*g + 228. Let l = g + 119. Let u = l - 31. List the prime factors of u.
2, 3
Let n be -12 + (-1 - 4) + 3. Let t(z) = z**2 + 12*z - 6. What are the prime factors of t(n)?
2, 11
List the prime factors of (-4)/(-22) - (-194)/22.
3
Suppose 3*n + 1 - 7 = -2*v, 0 = -5*v + 15. Suppose n*h = -5*q + h + 7, q - 3*h = -7. Suppose -4*i + 2*f - f + 53 = 0, -q*f = i - 2. List the prime factors of i.
2, 3
Let j(q) be the third derivative of -q**4/8 - 13*q**3/6 + 3*q**2. Let r(k) = -k. Let d(p) = -j(p) + 2*r(p). What are the prime factors of d(0)?
13
Suppose 0 = z + 4*z - 2*c - 760, c = 5. What are the prime factors of z?
2, 7, 11
Suppose -20 = 8*s - 3*s. Let b = 16 + s. What are the prime factors of b?
2, 3
Let s(f) be the third derivative of f**6/120 - 2*f**5/15 + f**4/12 - f**3/2 + 2*f**2. What are the prime factors of s(8)?
13
Suppose 0*j - 50 = -5*j. List the prime factors of j.
2, 5
Let b(h) = h**3 + 8*h**2 + 8*h + 4. Let x be 1*((-1 - 2) + -2). List the prime factors of b(x).
3, 13
Suppose 3*k - 16 = -f, -4*f + 6*f = -2*k + 16. Let r = 4 - 3. What are the prime factors of (2/r)/(f/26)?
13
Let q = 212 - -27. List the prime factors of q.
239
Let q = 2 + -5. Let v be 642/8 - q/4. Suppose v - 33 = 4*j. What are the prime factors of j?
2, 3
Let a be (-3)/(-2) - (-8)/16. Suppose -a = 3*q - 4*q. What are the prime factors of q?
2
Suppose 3*m + 5*a = -6, 5*m + 4*a = -a. Suppose -4*i = -m - 13. List the prime factors of i.
2
Suppose -x + 2 = -2*t - 2, 0 = -t - 5*x - 13. Let n(s) = s**2 + 2*s + 1. What are the prime factors of n(t)?
2
Suppose 2*q - 472 = -5*o, -4*o - 100 = q - 480. List the prime factors of o.
2, 3
Let j(n) = 2*n + 4. Let l be j(2). What are the prime factors of l/(-1 - (-15)/12)?
2
Let x(z) = -2*z + 10. What are the prime factors of x(-10)?
2, 3, 5
Let z be 2/(-3) - (-16)/24. Suppose 8 = x - z. What are the prime factors of x?
2
Let v(k) = -5*k + 5. Let x be v(-4). List the prime factors of (-3)/(-3)*2 + x.
3
Suppose p + 4*p - 125 = 0. Suppose -3*s + 23 + p = 0. List the prime factors of s.
2
Suppose -3*t = 4*s - 236, -3*t - 2*t = -s + 82. List the prime factors of s.
2, 31
Let q be 66/14 - 10/(-35). Suppose -4*f + 76 = -2*r, 0*r - 1 = -f + q*r. List the prime factors of f.
3, 7
Suppose b + 10 - 18 = 0. What are the prime factors of b?
2
Let a(q) = -q**2 + 7*q + 3. Let l = -17 + 47. Suppose 0 = 4*w + w - l. What are the prime factors of a(w)?
3
Let o(d) be the second derivative of -d**5/20 - 7*d**4/12 - 3*d**3/2 - 4*d**2 - d. Let p be (8/6)/((-4)/18). List the prime factors of o(p).
2, 5
Suppose 0 = -l + 4*k - 3*k + 2, -1 = 4*l + 5*k. Let a(n) = 32*n**3 - n + 1. List the prime factors of a(l).
2
Let u(o) = o**2 + 15*o + 8. Let z be u(-15). Suppose 5*l - 3*k - 35 = -z*k, 0 = -4*k + 16. What are the prime factors of l?
3
Suppose 122 = 5*j - 4*v + 27, -j - v = -19. What are the prime factors of j?
19
Suppose -2*c - 39 = -5*x, 2*x - 21 = -0*c - c. Suppose -4*f - 7 = 13. Let j = x + f. List the prime factors of j.
2
Let l = -4 + 3. List the prime factors of -10*(-3 - -1 - l).
2, 5
Let i = -3 + 3. Suppose 9 + i = -3*h. Let w(x) = -x**3 - 2*x**2 + 2*x + 4. What are the prime factors of w(h)?
7
Let a(p) = -p + 4. Let u be a(0). What are the prime factors of 15/6*u/5?
2
Let c(y) = y**3 + 7*y**2 - 6*y - 6. Let o be c(-7). Suppose o = 2*u - 4. What are the prime factors of u?
2, 5
Let z(q) = 2*q**2 + 3*q - 25. List the prime factors of z(-7).
2, 13
Let i(r) = -r**2 + 7*r - 6. Let h be i(5). Suppose 4*g - 32 = h*f - 2*f, f + 16 = -4*g. Let a = f - -22. What are the prime factors of a?
2, 3
Let p be (1 - (-7)/3)*3. Let t = p - 4. Suppose -5*q = 5*g - 85, -g + 23 = t*q - 2*q. List the prime factors of g.
3, 5
Suppose 4*p = -20, p - 3 = 5*i + 2. Let l = i - -6. Suppose -59 = -l*q - 15. List the prime factors of q.
11
Let l be (11 + -2)/(-3) + 186. Suppose 5*v = -38 + l. List the prime factors of v.
29
Let h(j) = -2*j**3 - j**2 - j - 1. Let t be h(3). Let y = 111 + t. What are the prime factors of y?
2, 11
Let p = 83 - 75. What are the prime factors of p?
2
Let l(h) = 0*h**2 + 13*h + 2*h**2 - 4*h**2 - 15 + h**2. Let j be l(10). What are the prime factors of j - ((-5)/1 + 3)?
17
Let y be (-2)/(-4) - (-10)/(-4). Let n be (-3)/2 - 9/y. Suppose -6 = n*i - 39. What are the prime factors of i?
11
Let s(f) = -f**2 - 4*f - 3. Suppose -c + 2 = -2*c. Let b be s(c). Suppose -2*r + 47 - b = 0. List the prime factors of r.
23
Suppose 3*r - 2*o - 25 = 0, 3*r = -r - o + 37. List the prime factors of (r + 6)/((-3)/(-2)).
2, 5
Let u(m) be the second derivative of m**5/20 + m**4/3 - 7*m**3/6 - 2*m**2 - 2*m. Let v(p) = p**2 - 6*p - 5. Let c be v(6). List the prime factors of u(c).
2, 3
Let l = 2 + -5. Let y be (-1 + 1)*(2 + l). Suppose 0 = -5*c + 4*k + 40, y = -k - 4*k. List the prime factors of c.
2
Let y(q) = -q**3 + q**2. Let n be y(1). Let p be (n/(3 + 0))/(-1). Suppose p*m - 4*m = -32. List the prime factors of m.
2
Let x = 4 - -2. Let s = x - -7. List the prime factors of s.
13
Suppose 4*w + 2*u = 8, -2*u = 4*w + 3*u - 20. Suppose 4*t = -w*t + 24. What are the prime factors of t?
2, 3
Let r(y) = 2*y**2 + 5*y - 3. Let k be r(3). Let v be 3/(-2)*k/(-9). Suppose v*o = 4*o - 5, -3*o - 23 = -4*t. List the prime factors of t.
2
Let y(n) = n**3 + 9*n**2 - 20*n - 12. What are the prime factors of y(-9)?
2, 3, 7
Let g(y) = 2*y**2 + 4*y - 5. Let m be g(-4). Let i = -7 + m. Let j = i + 1. List the prime factors of j.
5
Let b(p) = p**3 + 3*p**2 + 7*p - 2. What are the prime factors of b(5)?
233
List the prime factors of ((-32)/(-20))/(2/90).
2, 3
Suppose 0 = -3*o + w + 318, 6*o - w - 424 = 2*o. Let j = o - 51. Suppose 3*b = -2*b + j. List the prime factors of b.
11
Let g(f) = 5*f. What are the prime factors of g(8)?
2, 5
Suppose 2*s = 5*s + 4*x - 11, 3*s + 19 = 2*x. List the prime factors of (-2)/s + (-330)/(-18).
19
Let x be (-321)/(-12) - 7/(-28). List the prime factors of x + (2 - 6 - 0).
23
Suppose 3*n + 4*t - 737 = 0, -2*t = -4*n - n + 1237. What are the prime factors of n?
13, 19
Suppose -4*h + 40 + 8 = 0. What are the prime factors of h?
2, 3
Let y = -2 - 36. Let m = y - -53. What are the prime factors of m?
3, 5
Let j be -8 - -1 - 0 - -3. Let o = j - -1. List the prime factors of 2 + o - -1 - -3.
3
Let t be 1 + (-102)/(-5 - -2). Let l = -23 + t. What are the prime factors of (-9)/(-4) - 3/l?
2
Let d = 2 + 4. Suppose -d + 16 = -2*m. Let o = 7 + m. List the prime factors of o.
2
Let c(x) = x**2 + x - 2. List the prime factors of c(-4).
2, 5
Suppose y = -0 + 2. Suppose y*j + 3*g - 36 = g, 52 = 4*j - g. List the prime factors of j.
2, 7
What are the prime factors of (27/2)/(9/18)?
3
Let p(l) = l**3 + 5*l**2 - 4*l + 2. Let f = -5 + 0. What are the prime factors of p(f)?
2, 11
Suppose -5 = -j - 5*l, -2*j = 2*j + 2*l - 2. Suppose -k = -j - 4. Suppose 0 = -m + k + 1. What are the prime factors of m?
5
Suppose 2*o = o + 49. Suppose -3*b + 17 = -o. List the prime factors of b.
2, 11
Let k = 13 + -17. Let m(t) = -3*t**3 - 3*t**2 + 3*t - 1. Let z be m(2). List the prime factors of z/k - (-4